 0*q - q - 53 = 0, 5*q = -2*c + 23. What is the remainder when 45 is divided by c?
21
Let f(r) = -r**2 - 24*r - 50. Calculate the remainder when (-68)/2*(-18)/3 is divided by f(-21).
9
Calculate the remainder when 14 + (-16)/((-208)/7319) is divided by 573.
4
Let k(n) = -n**3 + 17*n**2 - 12*n - 12. Let f be -2 - (0 + -1 + -17). Let o = -283 + 292. Calculate the remainder when k(f) is divided by o.
7
Suppose -2310*g + 2317*g = 2905. Calculate the remainder when g is divided by 17.
7
Let o = -215 - -142. Let c = 216 + o. Calculate the remainder when c is divided by 38.
29
Let q = -38217 - -38253. Let x = -38 + 54. What is the remainder when q is divided by x?
4
Let n = -3292 + 3335. What is the remainder when 164 is divided by n?
35
What is the remainder when 1 + (-135)/((-3)/1) is divided by (8/7)/(257/3598)?
14
Let q(o) = -2*o**2 - 184*o - 1003. Calculate the remainder when 1408 is divided by q(-86).
16
Let u be (-3 - 50)/((-21)/(-21)). Let j = 762 + u. Calculate the remainder when j is divided by 89.
86
Let t = 304 + -245. Suppose -t = -s - 5*w, 0*w - 3*w = 0. Let h = 12 - -8. Calculate the remainder when s is divided by h.
19
Let n(o) = -2*o + 6. Let z be n(2). Suppose -50 = -3*h - 2*f, z*h + 3*h + f = 74. Suppose 3*q - q - h = 0. Calculate the remainder when 10 is divided by q.
3
Let z(h) = h**3 - 21*h**2 - 2*h + 47. Let a be z(21). Suppose 4*o - 1067 = -o + 4*u, o - 225 = -a*u. Calculate the remainder when o is divided by 31.
29
Let t be (-9)/6 + (-23529)/46. Let s = 547 + t. Calculate the remainder when s is divided by 21.
13
Suppose 54*q - 53*q = -2*c + 1193, 0 = 5*c. Calculate the remainder when q is divided by 238.
3
Let g = 205 + -198. Calculate the remainder when (3/4)/(-1 - (-225)/220) is divided by g.
5
Let a(w) = -13*w - 3. Let c be a(4). Let j be 1*(2 - 1)*c/(-5). Suppose -2*k - 63 = -j*k. What is the remainder when 60 is divided by k?
4
What is the remainder when 526/4 - (-1)/(-2) is divided by 96/288 - 884/(-39)?
16
Let h = -451 + 454. Suppose 4*v - 8 = -h*w, -3*v = -4*w + 5*w - 6. Calculate the remainder when 5 is divided by v.
1
Let y = -41 + 43. Suppose 3*b = b + 10, b = -y*q + 291. Let p = q + -109. What is the remainder when 92 is divided by p?
24
Let q(i) = 2*i**2 + 10. Let f be q(0). Let m be f/((-6)/10 - (-51)/60). What is the remainder when 77 is divided by (m/14)/((-11)/(-77))?
17
Suppose 5*r = -x + 17, -3*r + 7 = -5*x - 20. Let m = -190 + 279. Calculate the remainder when m is divided by r.
1
Let u(s) = -375*s - 702. Calculate the remainder when 277 is divided by u(-2).
37
Suppose -752 = -3*c + r, c - 283 + 44 = -2*r. Suppose 3*a = 630 - c. Calculate the remainder when a is divided by 11.
6
Let i = -28 - -73. Let d = i - 37. Suppose d*a + 453 = 11*a. Calculate the remainder when a is divided by 39.
34
Let m = 9222 + -9165. What is the remainder when 1025 is divided by m?
56
Let r = 314 + -309. Suppose -4*x = 5*p - 162, r*x - 3*x - 132 = -4*p. Calculate the remainder when 132 is divided by p.
30
Let w(b) = -b**2 - 37*b + 1323. What is the remainder when 245 is divided by w(21)?
35
Calculate the remainder when 1963 is divided by (-2)/36*27 + (-86)/(-4).
3
What is the remainder when 241 is divided by 12/3 + 287/(3 + 4)?
16
Suppose -j - 65 + 172 = u, -5*j - u + 515 = 0. Calculate the remainder when 2850 is divided by j.
96
Let o be (1 + 64)*(-7 - (-7 + -47)). Suppose 13*v - o = -234. What is the remainder when v is divided by 38?
27
Let b = 8325 - 6458. Calculate the remainder when b is divided by 52.
47
Suppose -2*y - 71 = -a, y - 50 + 414 = 5*a. Suppose 0 = -4*w + t + a, 10*w = 9*w + 3*t + 10. What is the remainder when 129 is divided by w?
15
Suppose 142 = 5*q - k, 7 = -5*k - 3. Suppose o + z = 69, -o + 2*z + 29 = -q. Calculate the remainder when o is divided by 12.
5
Let z be -2*204 - (-1 - -2)*-5. Let n = z - -412. Let g(i) = -i**3 + 5*i**2 + 10*i - 9. Calculate the remainder when g(6) is divided by n.
6
Let y(o) = 11*o**2 + 7. Let c(u) = u**3 + 53*u**2 - 166*u + 121. What is the remainder when y(3) is divided by c(-56)?
7
Let u = -317 - -225. Let m = 111 + 44. Let j = u + m. What is the remainder when j is divided by 17?
12
Suppose -33 = -3*n - 7*s + 12*s, -2*n = 4*s. Let c(h) = h**3 - 5*h**2 - 2*h - 12. What is the remainder when c(n) is divided by 10?
2
Let r(b) = -b**3 + 14*b**2 + 7*b - 15. Let w(h) = -5*h - 166. Let v be w(-36). What is the remainder when 911 is divided by r(v)?
81
Suppose 11*c = 2303 + 1459. What is the remainder when c is divided by 177?
165
Calculate the remainder when 716 is divided by 354/8 + (-4)/16 + 1.
41
Let t be (2/5)/((-30)/(-150)). Suppose 0 = 4*c + t*j - 844, -c = 2*c - 5*j - 620. What is the remainder when c is divided by 59?
33
Let s(k) = -k**3 - 9*k**2 - 62*k - 426. Calculate the remainder when 45 is divided by s(-8).
3
Let c(m) = m**3 + 21*m**2 + 30*m - 146. What is the remainder when 860 is divided by c(-18)?
2
Let o = -66 - -190. Suppose -14*u - o + 362 = 0. Calculate the remainder when 201 is divided by u.
14
Let l(v) = -9*v - 5. Let z be l(-1). Let n be (-1 - 1)/(550/(-137) + z). Let j = n + -87. What is the remainder when 98 is divided by j?
48
Suppose -2*z + 10 = 2*i, 0 = z + 3*z - 3*i - 13. Suppose -z*u - 63 = -3*w - 13, 0 = -5*w - 4*u + 30. Calculate the remainder when 47 is divided by w.
7
Let k = -833 + 945. Calculate the remainder when k is divided by 33/11 - 27*-1.
22
Let t be (-4452)/(-16) + (-1)/4. What is the remainder when 43 is divided by (1 - t/(-14)) + 114/798?
1
Let m be 4 - 0 - (1 - -4) - -4. Suppose -5*z = 3*h + 17 - 265, m*h + 4*z = 253. Calculate the remainder when h is divided by (-1)/(-2 - (-90)/46).
22
Suppose 3*j = 15, 10*j - 30 = -5*l + 7*j. Suppose t = 3*m + 10 - 15, -l*m + 65 = 5*t. Calculate the remainder when 117 is divided by t.
7
Let w(r) = 5*r**2 + 79*r - 4718. What is the remainder when w(31) is divided by 10?
6
Let a(u) = u**2 + 17*u + 89. Let t be a(-9). Suppose t*q - 529 = -53. What is the remainder when 52 is divided by q?
24
Suppose 4*k + 22*q = 27*q + 40, 0 = -k - 7*q - 23. What is the remainder when 150 is divided by k?
0
Suppose 26*x - 227 = -4*t + 27*x, 5*x = 4*t - 207. What is the remainder when t is divided by 41?
17
Let y = -15 + 11. Let b(s) = -s. Let v(u) = 5*u - 32. Let z(n) = y*b(n) - v(n). Calculate the remainder when z(13) is divided by 7.
5
Let u = -13 + 38. Calculate the remainder when 1041/12 + (-120)/(-96) is divided by u.
13
Let l(a) = a**2 - 41*a - 385. What is the remainder when l(-15) is divided by 132?
59
Suppose -x = -3*x + 3*o + 199, -5*o - 82 = -x. What is the remainder when 540 is divided by x?
5
Let b = 5973 + -5922. Calculate the remainder when 704 is divided by b.
41
Suppose -4*x = 5*m - 0*x - 273, -5*m + 3*x + 259 = 0. Calculate the remainder when m is divided by ((-54)/180)/((-18)/8) + 553/15.
16
Let w = -1467 + 1521. Calculate the remainder when w is divided by 17.
3
What is the remainder when (12/72 + 0)*(-1 - 3)*-288 is divided by 106?
86
Suppose -3*w + 342*v - 347*v + 12 = 0, -12 = 2*v. Calculate the remainder when 10848 is divided by w.
12
Suppose 15*s - 13561 = -12856. What is the remainder when 454 is divided by s?
31
Let b be (2 + 1)/((-27)/36). Calculate the remainder when (-86)/(-8) - (75/20 + b) is divided by 0 + 6 - (1 + -1).
5
Let w = 48 - 43. Suppose 0 = 3*k + 3*f - 69, 3*k + f - 62 = w*f. What is the remainder when k is divided by 34/(-68)*(36 + 0)/(-1)?
4
Suppose 3*s + 1138 = -5*g, -907 + 201 = 3*g - 4*s. Let h = -153 - g. Let q(a) = -a**2 + 58*a + 268. What is the remainder when h is divided by q(-4)?
17
Suppose -5*k = -9 - 16, -2*k = i - 129. Suppose h - i = -4*m, 2*m - 465 = -4*h - 3*m. Suppose 93 = 4*a - 23. Calculate the remainder when h is divided by a.
28
Let i = 121 + -99. Let v = 187 - -29. Calculate the remainder when v is divided by i.
18
Suppose 298 = 3*m + 4*c, -5*c = -471*m + 475*m - 396. What is the remainder when 1499 is divided by m?
89
Let g be -18*(-3)/3 - (1 - -1). Suppose -4*a = -3*a + g. Calculate the remainder when 21 is divided by 63/5 + a/(-40).
8
Suppose 6*r - 418 = -5*r. Let j(z) = -2*z**2 - 4*z + 188. What is the remainder when j(0) is divided by r?
36
Suppose -217*w + 405 + 15 = -882. What is the remainder when 1604/12 + 5/15 is divided by w?
2
Calculate th